{"id":296,"date":"2023-06-28T01:03:43","date_gmt":"2023-06-28T01:03:43","guid":{"rendered":"https:\/\/lavadotanquesbogota.com\/?page_id=296"},"modified":"2026-01-15T12:11:10","modified_gmt":"2026-01-15T12:11:10","slug":"riesgos-y-enfermedades-por-falta-de-lavado-de-tanques","status":"publish","type":"page","link":"https:\/\/lavadotanquesbogota.com\/index.php\/riesgos-y-enfermedades-por-falta-de-lavado-de-tanques\/","title":{"rendered":"RIESGOS Y ENFERMEDADES POR FALTA DE LAVADO DE TANQUES"},"content":{"rendered":"\t\t<div data-elementor-type=\"wp-page\" data-elementor-id=\"296\" class=\"elementor elementor-296\">\n\t\t\t\t\t\t<section class=\"elementor-section elementor-top-section elementor-element elementor-element-2cde645b elementor-section-boxed elementor-section-height-default elementor-section-height-default\" data-id=\"2cde645b\" data-element_type=\"section\" data-e-type=\"section\">\n\t\t\t\t\t\t<div class=\"elementor-container elementor-column-gap-default\">\n\t\t\t\t\t<div class=\"elementor-column elementor-col-100 elementor-top-column elementor-element elementor-element-298cff13\" data-id=\"298cff13\" data-element_type=\"column\" data-e-type=\"column\">\n\t\t\t<div class=\"elementor-widget-wrap elementor-element-populated\">\n\t\t\t\t\t\t<div class=\"elementor-element elementor-element-229d90f8 elementor-widget elementor-widget-text-editor\" data-id=\"229d90f8\" data-element_type=\"widget\" data-e-type=\"widget\" data-widget_type=\"text-editor.default\">\n\t\t\t\t<div class=\"elementor-widget-container\">\n\t\t\t\t\t\t\t\t\t<p style=\"text-align: center;\">\u00a0 \u00a0 \u00a0<img fetchpriority=\"high\" decoding=\"async\" class=\"size-medium wp-image-273 aligncenter\" src=\"https:\/\/lavadotanquesbogota.com\/wp-content\/uploads\/2023\/05\/Adobe_Express_20230427_0848050_1-300x300.png\" alt=\"RIESGOS Y ENFERMEDADES POR FALTA DE LAVADO DE TANQUES DE AGUA POTABLE CADA SEIS MESES\" width=\"300\" height=\"300\" srcset=\"https:\/\/lavadotanquesbogota.com\/wp-content\/uploads\/2023\/05\/Adobe_Express_20230427_0848050_1-300x300.png 300w, https:\/\/lavadotanquesbogota.com\/wp-content\/uploads\/2023\/05\/Adobe_Express_20230427_0848050_1-100x100.png 100w, https:\/\/lavadotanquesbogota.com\/wp-content\/uploads\/2023\/05\/Adobe_Express_20230427_0848050_1-600x600.png 600w, https:\/\/lavadotanquesbogota.com\/wp-content\/uploads\/2023\/05\/Adobe_Express_20230427_0848050_1-1024x1024.png 1024w, https:\/\/lavadotanquesbogota.com\/wp-content\/uploads\/2023\/05\/Adobe_Express_20230427_0848050_1-150x150.png 150w, https:\/\/lavadotanquesbogota.com\/wp-content\/uploads\/2023\/05\/Adobe_Express_20230427_0848050_1-768x768.png 768w, https:\/\/lavadotanquesbogota.com\/wp-content\/uploads\/2023\/05\/Adobe_Express_20230427_0848050_1.png 1080w\" sizes=\"(max-width: 300px) 100vw, 300px\" \/><\/p><p dir=\"ltr\">Existen riesgos y enfermedades por falta de <span style=\"color: #339966;\"><strong>lavado de tanques de agua potable cada seis meses<\/strong><\/span>, estos tanques pueden convertirse en caldo de cultivo para las bacterias y virus que causan <strong>enfermedades<\/strong> graves y extremadamente peligrosas. Tales enfermedades pueden desencadenar infecciones del tracto urinario, meningitis, sepsis y en casos extremos, la muerte.<\/p><h5 dir=\"ltr\"><span style=\"color: #339966;\">BACTERIAS, VIRUS, PARASITOS E INSECTOS<\/span><\/h5><div><span style=\"color: #339966;\">\u00a0<\/span><\/div><p dir=\"ltr\">Una de las <strong>enfermedades<\/strong> m\u00e1s comunes que se pueden contraer al no <a href=\"https:\/\/lavadotanquesbogota.com\/\" target=\"_blank\" rel=\"noopener\"><span style=\"color: #008000;\"><strong>realizar el lavado de tanques de agua potable semestral<\/strong><\/span><\/a>, es la infecci\u00f3n por la bacteria <strong>Escherichia coli (E. coli).<\/strong> Esta bacteria se encuentra com\u00fanmente en el intestino de los seres humanos y animales, puede provocar enfermedades gastrointestinales graves si se ingiere en grandes cantidades. Los s\u00edntomas pueden incluir diarrea, fiebre, dolor abdominal y v\u00f3mitos.<\/p><div align=\"center\"><p dir=\"ltr\" style=\"text-align: left;\">Otra bacteria com\u00fan que se puede contraer al ingerir agua de tanques sin mantenimiento es la <strong>Salmonella<\/strong>. Esta bacteria puede causar infecciones graves en el tracto gastrointestinal y puede provocar s\u00edntomas como fiebre, diarrea y dolor abdominal. En casos graves, la infecci\u00f3n por <strong>Salmonella<\/strong> puede requerir hospitalizaci\u00f3n.<\/p><p dir=\"ltr\">\u00a0<\/p><\/div><div align=\"center\"><p dir=\"ltr\" style=\"text-align: left;\">Adem\u00e1s de las <strong>bacterias<\/strong>, los tanques de agua tambi\u00e9n pueden albergar <strong>virus<\/strong> y otros <strong>par\u00e1sitos<\/strong>. Por ejemplo, la <strong>Cryptosporidium<\/strong> es un par\u00e1sito que se encuentra com\u00fanmente en el agua no tratada y puede provocar diarrea, fiebre y dolor abdominal. La <strong>Giardia<\/strong> es otro par\u00e1sito que se encuentra en el agua contaminada y puede provocar s\u00edntomas similares.<\/p><p dir=\"ltr\">\u00a0<\/p><\/div><div align=\"center\"><p dir=\"ltr\" style=\"text-align: left;\">La falta de lavado de tanques de agua tambi\u00e9n puede aumentar el riesgo de <strong>enfermedades transmitidas por insectos y otros animales.<\/strong> Por ejemplo, si los mosquitos se reproducen en el agua estancada del tanque, pueden transmitir enfermedades como <strong>dengue<\/strong>, <strong>malaria<\/strong> y <a href=\"https:\/\/www3.paho.org\/hq\/index.php?option=com_content&amp;view=article&amp;id=8294:2013-encefalitis-nilo-occidental&amp;Itemid=39840&amp;lang=es#gsc.tab=0\"><strong>virus del Nilo Occidental.<\/strong><\/a><\/p><blockquote><p dir=\"ltr\"><span style=\"color: #000000;\">Seg\u00fan la <a style=\"color: #000000;\" href=\"https:\/\/www.who.int\/es\/news-room\/fact-sheets\/detail\/drinking-water\">OMS<\/a> se calcula que unas 829 000 personas mueren cada a\u00f1o de diarrea como consecuencia de la insalubridad del agua. Siendo que la diarrea es ampliamente prevenible, la muerte de unos 297 000 ni\u00f1os menores de cinco a\u00f1os podr\u00eda prevenirse cada a\u00f1o si se abordasen estos factores de riesgo.<\/span><\/p><\/blockquote><\/div><div align=\"center\"><p dir=\"ltr\" style=\"text-align: left;\">En conclusi\u00f3n, la <span style=\"color: #008000;\"><strong>falta de lavado de tanques de agua puede aumentar el riesgo de enfermedades<\/strong><\/span> causadas por bacterias, virus, par\u00e1sitos e insectos.\u00a0 Por lo tanto, es importante realizar la limpieza del tanque de agua al menos cada 6 meses, para garantizar su calidad.<\/p><p dir=\"ltr\">\u00a0<\/p><\/div><div align=\"center\"><h5 dir=\"ltr\">\u00a0<\/h5><h5 dir=\"ltr\"><a href=\"https:\/\/lavadotanquesbogota.com\/\"><span style=\"color: #339966;\">AGENDE SU LAVADO DE TANQUES<\/span><\/a><\/h5><p dir=\"ltr\">Ahora que conoces los riesgos, cont\u00e1ctanos si tienes alguna inquietud o deseas cotizar tu lavado de tanques de agua\u00a0 <a href=\"https:\/\/lavadotanquesbogota.com\/\">https:\/\/lavadotanquesbogota.com\/<\/a><\/p><\/div><div align=\"center\"><p dir=\"ltr\"><img decoding=\"async\" class=\"emoji\" role=\"img\" draggable=\"false\" src=\"https:\/\/s.w.org\/images\/core\/emoji\/14.0.0\/svg\/1f4f3.svg\" alt=\"\ud83d\udcf3\" \/>\u00a0 <a href=\"https:\/\/wa.me\/message\/R3PRFIDDWJ45A1\">3234262579<\/a><\/p><\/div>\t\t\t\t\t\t\t\t<\/div>\n\t\t\t\t<\/div>\n\t\t\t\t\t<\/div>\n\t\t<\/div>\n\t\t\t\t\t<\/div>\n\t\t<\/section>\n\t\t\t\t<\/div>\n\t\t","protected":false},"excerpt":{"rendered":"<p>\u00a0 \u00a0 \u00a0 Existen riesgos y enfermedades por falta de lavado de tanques de agua potable cada seis meses, estos tanques pueden convertirse en caldo de cultivo para las bacterias y virus que causan enfermedades graves y extremadamente peligrosas. Tales enfermedades pueden desencadenar infecciones del tracto urinario, meningitis, sepsis y en casos extremos, la muerte. [&hellip;]<\/p>\n","protected":false},"author":1,"featured_media":273,"parent":0,"menu_order":0,"comment_status":"closed","ping_status":"closed","template":"elementor_header_footer","meta":{"footnotes":""},"class_list":["post-296","page","type-page","status-publish","has-post-thumbnail","hentry"],"yoast_head":"<!-- This site is optimized with the Yoast SEO plugin v26.9 - https:\/\/yoast.com\/product\/yoast-seo-wordpress\/ -->\n<title>ENFERMEDADES POR FALTA DE LAVADO DE TANQUES<\/title>\n<meta name=\"description\" content=\"Evite enfermedades por falta de lavado de tanques cada 6 meses, pueden convertirse en foco de bacterias y virus causantes.\" \/>\n<meta name=\"robots\" content=\"index, follow, max-snippet:-1, max-image-preview:large, max-video-preview:-1\" \/>\n<link rel=\"canonical\" href=\"https:\/\/lavadotanquesbogota.com\/index.php\/riesgos-y-enfermedades-por-falta-de-lavado-de-tanques\/\" \/>\n<meta property=\"og:locale\" content=\"es_ES\" \/>\n<meta property=\"og:type\" content=\"article\" \/>\n<meta property=\"og:title\" content=\"ENFERMEDADES POR FALTA DE LAVADO DE TANQUES\" \/>\n<meta property=\"og:description\" content=\"Evite enfermedades por falta de lavado de tanques cada 6 meses, pueden convertirse en foco de bacterias y virus causantes.\" \/>\n<meta property=\"og:url\" content=\"https:\/\/lavadotanquesbogota.com\/index.php\/riesgos-y-enfermedades-por-falta-de-lavado-de-tanques\/\" \/>\n<meta property=\"og:site_name\" content=\"Lavado de tanques de agua Bogot\u00e1\" \/>\n<meta property=\"article:modified_time\" content=\"2026-01-15T12:11:10+00:00\" \/>\n<meta property=\"og:image\" content=\"https:\/\/lavadotanquesbogota.com\/wp-content\/uploads\/2023\/05\/Adobe_Express_20230427_0848050_1.png\" \/>\n\t<meta property=\"og:image:width\" content=\"1080\" \/>\n\t<meta property=\"og:image:height\" content=\"1080\" \/>\n\t<meta property=\"og:image:type\" content=\"image\/png\" \/>\n<meta name=\"twitter:card\" content=\"summary_large_image\" \/>\n<meta name=\"twitter:label1\" content=\"Tiempo de lectura\" \/>\n\t<meta name=\"twitter:data1\" content=\"2 minutos\" \/>\n<script type=\"application\/ld+json\" class=\"yoast-schema-graph\">{\"@context\":\"https:\/\/schema.org\",\"@graph\":[{\"@type\":\"WebPage\",\"@id\":\"https:\/\/lavadotanquesbogota.com\/index.php\/riesgos-y-enfermedades-por-falta-de-lavado-de-tanques\/\",\"url\":\"https:\/\/lavadotanquesbogota.com\/index.php\/riesgos-y-enfermedades-por-falta-de-lavado-de-tanques\/\",\"name\":\"ENFERMEDADES POR FALTA DE LAVADO DE TANQUES\",\"isPartOf\":{\"@id\":\"https:\/\/lavadotanquesbogota.com\/#website\"},\"primaryImageOfPage\":{\"@id\":\"https:\/\/lavadotanquesbogota.com\/index.php\/riesgos-y-enfermedades-por-falta-de-lavado-de-tanques\/#primaryimage\"},\"image\":{\"@id\":\"https:\/\/lavadotanquesbogota.com\/index.php\/riesgos-y-enfermedades-por-falta-de-lavado-de-tanques\/#primaryimage\"},\"thumbnailUrl\":\"https:\/\/lavadotanquesbogota.com\/wp-content\/uploads\/2023\/05\/Adobe_Express_20230427_0848050_1.png\",\"datePublished\":\"2023-06-28T01:03:43+00:00\",\"dateModified\":\"2026-01-15T12:11:10+00:00\",\"description\":\"Evite enfermedades por falta de lavado de tanques cada 6 meses, pueden convertirse en foco de bacterias y virus causantes.\",\"breadcrumb\":{\"@id\":\"https:\/\/lavadotanquesbogota.com\/index.php\/riesgos-y-enfermedades-por-falta-de-lavado-de-tanques\/#breadcrumb\"},\"inLanguage\":\"es\",\"potentialAction\":[{\"@type\":\"ReadAction\",\"target\":[\"https:\/\/lavadotanquesbogota.com\/index.php\/riesgos-y-enfermedades-por-falta-de-lavado-de-tanques\/\"]}]},{\"@type\":\"ImageObject\",\"inLanguage\":\"es\",\"@id\":\"https:\/\/lavadotanquesbogota.com\/index.php\/riesgos-y-enfermedades-por-falta-de-lavado-de-tanques\/#primaryimage\",\"url\":\"https:\/\/lavadotanquesbogota.com\/wp-content\/uploads\/2023\/05\/Adobe_Express_20230427_0848050_1.png\",\"contentUrl\":\"https:\/\/lavadotanquesbogota.com\/wp-content\/uploads\/2023\/05\/Adobe_Express_20230427_0848050_1.png\",\"width\":1080,\"height\":1080,\"caption\":\"RIESGOS Y ENFERMEDADES POR FALTA DE LAVADO DE TANQUES DE AGUA POTABLE CADA SEIS MESES\"},{\"@type\":\"BreadcrumbList\",\"@id\":\"https:\/\/lavadotanquesbogota.com\/index.php\/riesgos-y-enfermedades-por-falta-de-lavado-de-tanques\/#breadcrumb\",\"itemListElement\":[{\"@type\":\"ListItem\",\"position\":1,\"name\":\"Portada\",\"item\":\"https:\/\/lavadotanquesbogota.com\/\"},{\"@type\":\"ListItem\",\"position\":2,\"name\":\"RIESGOS Y ENFERMEDADES POR FALTA DE LAVADO DE TANQUES\"}]},{\"@type\":\"WebSite\",\"@id\":\"https:\/\/lavadotanquesbogota.com\/#website\",\"url\":\"https:\/\/lavadotanquesbogota.com\/\",\"name\":\"Lavado de tanques de agua Bogot\u00e1\",\"description\":\"Empresa de servicios de impermeabilizaci\u00f3n y lavado de tanques de agua en Bogot\u00e1\",\"publisher\":{\"@id\":\"https:\/\/lavadotanquesbogota.com\/#organization\"},\"potentialAction\":[{\"@type\":\"SearchAction\",\"target\":{\"@type\":\"EntryPoint\",\"urlTemplate\":\"https:\/\/lavadotanquesbogota.com\/?s={search_term_string}\"},\"query-input\":{\"@type\":\"PropertyValueSpecification\",\"valueRequired\":true,\"valueName\":\"search_term_string\"}}],\"inLanguage\":\"es\"},{\"@type\":\"Organization\",\"@id\":\"https:\/\/lavadotanquesbogota.com\/#organization\",\"name\":\"Lavado de tanques Bogot\u00e1\",\"url\":\"https:\/\/lavadotanquesbogota.com\/\",\"logo\":{\"@type\":\"ImageObject\",\"inLanguage\":\"es\",\"@id\":\"https:\/\/lavadotanquesbogota.com\/#\/schema\/logo\/image\/\",\"url\":\"https:\/\/lavadotanquesbogota.com\/wp-content\/uploads\/2022\/05\/cropped-Adobe_Express_20220506_0644550.7386115974718055.png\",\"contentUrl\":\"https:\/\/lavadotanquesbogota.com\/wp-content\/uploads\/2022\/05\/cropped-Adobe_Express_20220506_0644550.7386115974718055.png\",\"width\":2559,\"height\":459,\"caption\":\"Lavado de tanques Bogot\u00e1\"},\"image\":{\"@id\":\"https:\/\/lavadotanquesbogota.com\/#\/schema\/logo\/image\/\"}}]}<\/script>\n<!-- \/ Yoast SEO plugin. -->","yoast_head_json":{"title":"ENFERMEDADES POR FALTA DE LAVADO DE TANQUES","description":"Evite enfermedades por falta de lavado de tanques cada 6 meses, pueden convertirse en foco de bacterias y virus causantes.","robots":{"index":"index","follow":"follow","max-snippet":"max-snippet:-1","max-image-preview":"max-image-preview:large","max-video-preview":"max-video-preview:-1"},"canonical":"https:\/\/lavadotanquesbogota.com\/index.php\/riesgos-y-enfermedades-por-falta-de-lavado-de-tanques\/","og_locale":"es_ES","og_type":"article","og_title":"ENFERMEDADES POR FALTA DE LAVADO DE TANQUES","og_description":"Evite enfermedades por falta de lavado de tanques cada 6 meses, pueden convertirse en foco de bacterias y virus causantes.","og_url":"https:\/\/lavadotanquesbogota.com\/index.php\/riesgos-y-enfermedades-por-falta-de-lavado-de-tanques\/","og_site_name":"Lavado de tanques de agua Bogot\u00e1","article_modified_time":"2026-01-15T12:11:10+00:00","og_image":[{"width":1080,"height":1080,"url":"https:\/\/lavadotanquesbogota.com\/wp-content\/uploads\/2023\/05\/Adobe_Express_20230427_0848050_1.png","type":"image\/png"}],"twitter_card":"summary_large_image","twitter_misc":{"Tiempo de lectura":"2 minutos"},"schema":{"@context":"https:\/\/schema.org","@graph":[{"@type":"WebPage","@id":"https:\/\/lavadotanquesbogota.com\/index.php\/riesgos-y-enfermedades-por-falta-de-lavado-de-tanques\/","url":"https:\/\/lavadotanquesbogota.com\/index.php\/riesgos-y-enfermedades-por-falta-de-lavado-de-tanques\/","name":"ENFERMEDADES POR FALTA DE LAVADO DE TANQUES","isPartOf":{"@id":"https:\/\/lavadotanquesbogota.com\/#website"},"primaryImageOfPage":{"@id":"https:\/\/lavadotanquesbogota.com\/index.php\/riesgos-y-enfermedades-por-falta-de-lavado-de-tanques\/#primaryimage"},"image":{"@id":"https:\/\/lavadotanquesbogota.com\/index.php\/riesgos-y-enfermedades-por-falta-de-lavado-de-tanques\/#primaryimage"},"thumbnailUrl":"https:\/\/lavadotanquesbogota.com\/wp-content\/uploads\/2023\/05\/Adobe_Express_20230427_0848050_1.png","datePublished":"2023-06-28T01:03:43+00:00","dateModified":"2026-01-15T12:11:10+00:00","description":"Evite enfermedades por falta de lavado de tanques cada 6 meses, pueden convertirse en foco de bacterias y virus causantes.","breadcrumb":{"@id":"https:\/\/lavadotanquesbogota.com\/index.php\/riesgos-y-enfermedades-por-falta-de-lavado-de-tanques\/#breadcrumb"},"inLanguage":"es","potentialAction":[{"@type":"ReadAction","target":["https:\/\/lavadotanquesbogota.com\/index.php\/riesgos-y-enfermedades-por-falta-de-lavado-de-tanques\/"]}]},{"@type":"ImageObject","inLanguage":"es","@id":"https:\/\/lavadotanquesbogota.com\/index.php\/riesgos-y-enfermedades-por-falta-de-lavado-de-tanques\/#primaryimage","url":"https:\/\/lavadotanquesbogota.com\/wp-content\/uploads\/2023\/05\/Adobe_Express_20230427_0848050_1.png","contentUrl":"https:\/\/lavadotanquesbogota.com\/wp-content\/uploads\/2023\/05\/Adobe_Express_20230427_0848050_1.png","width":1080,"height":1080,"caption":"RIESGOS Y ENFERMEDADES POR FALTA DE LAVADO DE TANQUES DE AGUA POTABLE CADA SEIS MESES"},{"@type":"BreadcrumbList","@id":"https:\/\/lavadotanquesbogota.com\/index.php\/riesgos-y-enfermedades-por-falta-de-lavado-de-tanques\/#breadcrumb","itemListElement":[{"@type":"ListItem","position":1,"name":"Portada","item":"https:\/\/lavadotanquesbogota.com\/"},{"@type":"ListItem","position":2,"name":"RIESGOS Y ENFERMEDADES POR FALTA DE LAVADO DE TANQUES"}]},{"@type":"WebSite","@id":"https:\/\/lavadotanquesbogota.com\/#website","url":"https:\/\/lavadotanquesbogota.com\/","name":"Lavado de tanques de agua Bogot\u00e1","description":"Empresa de servicios de impermeabilizaci\u00f3n y lavado de tanques de agua en Bogot\u00e1","publisher":{"@id":"https:\/\/lavadotanquesbogota.com\/#organization"},"potentialAction":[{"@type":"SearchAction","target":{"@type":"EntryPoint","urlTemplate":"https:\/\/lavadotanquesbogota.com\/?s={search_term_string}"},"query-input":{"@type":"PropertyValueSpecification","valueRequired":true,"valueName":"search_term_string"}}],"inLanguage":"es"},{"@type":"Organization","@id":"https:\/\/lavadotanquesbogota.com\/#organization","name":"Lavado de tanques Bogot\u00e1","url":"https:\/\/lavadotanquesbogota.com\/","logo":{"@type":"ImageObject","inLanguage":"es","@id":"https:\/\/lavadotanquesbogota.com\/#\/schema\/logo\/image\/","url":"https:\/\/lavadotanquesbogota.com\/wp-content\/uploads\/2022\/05\/cropped-Adobe_Express_20220506_0644550.7386115974718055.png","contentUrl":"https:\/\/lavadotanquesbogota.com\/wp-content\/uploads\/2022\/05\/cropped-Adobe_Express_20220506_0644550.7386115974718055.png","width":2559,"height":459,"caption":"Lavado de tanques Bogot\u00e1"},"image":{"@id":"https:\/\/lavadotanquesbogota.com\/#\/schema\/logo\/image\/"}}]}},"_links":{"self":[{"href":"https:\/\/lavadotanquesbogota.com\/index.php\/wp-json\/wp\/v2\/pages\/296","targetHints":{"allow":["GET"]}}],"collection":[{"href":"https:\/\/lavadotanquesbogota.com\/index.php\/wp-json\/wp\/v2\/pages"}],"about":[{"href":"https:\/\/lavadotanquesbogota.com\/index.php\/wp-json\/wp\/v2\/types\/page"}],"author":[{"embeddable":true,"href":"https:\/\/lavadotanquesbogota.com\/index.php\/wp-json\/wp\/v2\/users\/1"}],"replies":[{"embeddable":true,"href":"https:\/\/lavadotanquesbogota.com\/index.php\/wp-json\/wp\/v2\/comments?post=296"}],"version-history":[{"count":35,"href":"https:\/\/lavadotanquesbogota.com\/index.php\/wp-json\/wp\/v2\/pages\/296\/revisions"}],"predecessor-version":[{"id":444,"href":"https:\/\/lavadotanquesbogota.com\/index.php\/wp-json\/wp\/v2\/pages\/296\/revisions\/444"}],"wp:featuredmedia":[{"embeddable":true,"href":"https:\/\/lavadotanquesbogota.com\/index.php\/wp-json\/wp\/v2\/media\/273"}],"wp:attachment":[{"href":"https:\/\/lavadotanquesbogota.com\/index.php\/wp-json\/wp\/v2\/media?parent=296"}],"curies":[{"name":"wp","href":"https:\/\/api.w.org\/{rel}","templated":true}]}}